151495?
56
Calculate the remainder when 4102942 is divided by 1624.
718
Calculate the remainder when 613371 is divided by 1809.
120
What is the remainder when 4170813 is divided by 32083?
23
Calculate the remainder when 79264 is divided by 39257.
750
Calculate the remainder when 737551 is divided by 1621.
1617
What is the remainder when 657175 is divided by 82139?
63
What is the remainder when 312908 is divided by 312873?
35
Calculate the remainder when 359406 is divided by 359358.
48
Calculate the remainder when 212510 is divided by 3320.
30
What is the remainder when 1459286 is divided by 288?
278
Calculate the remainder when 122224402 is divided by 22.
14
Calculate the remainder when 15076739 is divided by 3070.
3039
Calculate the remainder when 1272387 is divided by 511.
508
What is the remainder when 55717359 is divided by 205?
204
Calculate the remainder when 13004743 is divided by 555.
538
What is the remainder when 20836344 is divided by 285?
279
Calculate the remainder when 261555 is divided by 130739.
77
What is the remainder when 1490767 is divided by 1115?
12
What is the remainder when 939825 is divided by 28479?
18
Calculate the remainder when 246175 is divided by 123077.
21
Calculate the remainder when 630067 is divided by 81.
49
What is the remainder when 86972 is divided by 956?
932
What is the remainder when 5375709 is divided by 385?
339
Calculate the remainder when 1435478 is divided by 5859.
23
What is the remainder when 508788122 is divided by 25?
22
Calculate the remainder when 319707 is divided by 356.
19
What is the remainder when 132615628 is divided by 315?
313
Calculate the remainder when 112118889 is divided by 76.
41
What is the remainder when 158402 is divided by 7132?
1498
What is the remainder when 8627284 is divided by 438?
436
What is the remainder when 4413259 is divided by 6181?
25
Calculate the remainder when 2112856 is divided by 150915.
46
Calculate the remainder when 176795 is divided by 88369.
57
What is the remainder when 2038230 is divided by 1649?
66
What is the remainder when 3085288 is divided by 855?
448
What is the remainder when 3666021 is divided by 863?
860
What is the remainder when 271878 is divided by 271866?
12
Calculate the remainder when 1938456 is divided by 981.
0
What is the remainder when 97690 is divided by 1151?
1006
Calculate the remainder when 45791254 is divided by 56.
54
Calculate the remainder when 19197 is divided by 9103.
991
What is the remainder when 1173930 is divided by 9544?
18
Calculate the remainder when 139115 is divided by 34719.
239
Calculate the remainder when 211437 is divided by 317.
315
Calculate the remainder when 33171 is divided by 33123.
48
What is the remainder when 75933329 is divided by 384?
17
What is the remainder when 10059840 is divided by 341?
340
Calculate the remainder when 3539770 is divided by 393299.
79
What is the remainder when 1115602 is divided by 64?
18
Calculate the remainder when 4146313 is divided by 327.
280
What is the remainder when 1039281 is divided by 3636?
3021
What is the remainder when 20702896 is divided by 2987?
2986
What is the remainder when 85753818 is divided by 17150763?
3
What is the remainder when 1588519 is divided by 3431?
3397
Calculate the remainder when 43211125 is divided by 2206.
2203
Calculate the remainder when 1569653 is divided by 105.
8
Calculate the remainder when 6127050 is divided by 340391.
12
What is the remainder when 17239803 is divided by 5746599?
6
Calculate the remainder when 11474125 is divided by 711.
7
Calculate the remainder when 37554241 is divided by 8033.
7999
What is the remainder when 450557 is divided by 84?
65
What is the remainder when 8310382 is divided by 24?
22
Calculate the remainder when 30311 is divided by 1076.
183
What is the remainder when 13316716 is divided by 359911?
9
What is the remainder when 6677770 is divided by 6677746?
24
Calculate the remainder when 3014932 is divided by 1056.
52
Calculate the remainder when 2032798 is divided by 200.
198
Calculate the remainder when 26010 is divided by 19738.
6272
Calculate the remainder when 4179972 is divided by 232217.
66
What is the remainder when 773087 is divided by 14298?
995
What is the remainder when 24592795 is divided by 1237?
1235
Calculate the remainder when 1162376 is divided by 14.
12
What is the remainder when 717674 is divided by 9831?
11
What is the remainder when 10338037 is divided by 672?
661
Calculate the remainder when 3081062 is divided by 309.
23
Calculate the remainder when 3862067 is divided by 13744.
3
What is the remainder when 238657 is divided by 18177?
2356
What is the remainder when 2521906 is divided by 1096?
10
Calculate the remainder when 452081 is divided by 307.
177
Calculate the remainder when 809263 is divided by 404582.
99
What is the remainder when 27708900 is divided by 51?
39
Calculate the remainder when 1787778 is divided by 178777.
8
What is the remainder when 248319 is divided by 247794?
525
Calculate the remainder when 11355481 is divided by 3331.
102
What is the remainder when 214393 is divided by 21435?
43
Calculate the remainder when 1678646 is divided by 188.
182
Calculate the remainder when 29654789 is divided by 227.
190
What is the remainder when 1493831 is divided by 7776?
839
What is the remainder when 12720294 is divided by 179?
17
Calculate the remainder when 1712410 is divided by 214051.
2
Calculate the remainder when 40307 is divided by 2036.
1623
What is the remainder when 45849 is divided by 4140?
309
What is the remainder when 6167 is divided by 2930?
307
Calculate the remainder when 32658066 is divided by 10886009.
39
Calculate the remainder when 59852 is divided by 254.
162
What is the remainder when 776921896 is divided by 169?
166
Calculate the remainder when 738166 is divided by 419.
307
What is the remainder when 5881559 is divided by 60?
59
Calculate the remainder when 1143418 is divided by 673.
664
Calculate the remainder when 4384855 is divided by 498.
463
What is the remainder when 3505142 is divided by 32?
22
Calculate the remainder when 1686109 is divided by 93672.
13
What is the remainder when 7543231 is divided by 628573?
355
What is the remainder when 640709 is divided by 160177?
1
What is the remainder when 333448 is divided by 166635?
178
What is the remainder when 66080145 is divided by 50?
45
What is the remainder when 9857937 is divided by 3285974?
15
Calculate the remainder when 12125500 is divided by 2403.
2365
What is the remainder when 58526 is divided by 774?
476
Calculate the remainder when 17887581 is divided by 44.
41
Calculate the remainder when 869150 is divided by 2223.
2180
Calculate the remainder when 2846624 is divided by 105.
74
Calculate the remainder when 4295378 is divided by 71.
20
Calculate the remainder when 80062 is divided by 489.
355
What is the remainder when 10693250 is divided by 3564397?
59
What is the remainder when 721223 is divided by 11606?
1651
What is the remainder when 412296 is divided by 34357?
12
What is the remainder when 103737 is divided by 51345?
1047
What is the remainder when 129048 is divided by 2960?
1768
What is the remainder when 153515 is divided by 21925?
40
Calculate the remainder when 19019 is divided by 8.
3
What is the remainder when 18290063 is divided by 272986?
1
Calculate the remainder when 3417240 is divided by 3101.
3039
Calculate the remainder when 53295 is divided by 53124.
171
Calculate the remainder when 10345100 is divided by 69.
68
Calculate the remainder when 407018 is divided by 2035.
18
What is the remainder when 11553 is divided by 3602?
747
What is the remainder when 201913596 is divided by 316?
24
What is the remainder when 3712240 is divided by 41?
18
What is the remainder when 24733 is divided by 12089?
555
Calculate the remainder when 4631508 is divided by 115.
113
Calculate the remainder when 113902 is divided by 3559.
14
What is the remainder when 58136632 is divided by 15?
7
Calculate the remainder when 20507412 is divided by 310.
292
What is the remainder when 4716020 is divided by 35?
15
Calculate the remainder when 5466528 is divided by 1366607.
100
What is the remainder when 696485 is divided by 1226?
117
What is the remainder when 113867 is divided by 3643?
934
W